{"id":4864,"date":"2016-01-24T00:23:28","date_gmt":"2016-01-23T23:23:28","guid":{"rendered":"http:\/\/kreativeshobby.hu\/?page_id=4864"},"modified":"2017-06-04T15:59:54","modified_gmt":"2017-06-04T13:59:54","slug":"rolunk-irtak","status":"publish","type":"page","link":"https:\/\/kreativeshobby.hu\/index.php\/kreativhobby-alkotomuhely\/rolunk-irtak\/","title":{"rendered":"R\u00f3lunk \u00edrt\u00e1k"},"content":{"rendered":"<figure id=\"attachment_4869\" aria-describedby=\"caption-attachment-4869\" style=\"width: 300px\" class=\"wp-caption alignright\"><a href=\"http:\/\/kreativeshobby.hu\/wp-content\/uploads\/2016\/01\/onlinecikk.jpg\"  rel=\"lightbox[4864] attachment wp-att-4869\"><img loading=\"lazy\" decoding=\"async\" class=\"size-medium wp-image-4869\" src=\"http:\/\/kreativeshobby.hu\/wp-content\/uploads\/2016\/01\/onlinecikk-300x247.jpg\" alt=\"www.budapester.hu\" width=\"300\" height=\"247\" srcset=\"https:\/\/kreativeshobby.hu\/wp-content\/uploads\/2016\/01\/onlinecikk-300x247.jpg 300w, https:\/\/kreativeshobby.hu\/wp-content\/uploads\/2016\/01\/onlinecikk-148x122.jpg 148w, https:\/\/kreativeshobby.hu\/wp-content\/uploads\/2016\/01\/onlinecikk-31x26.jpg 31w, https:\/\/kreativeshobby.hu\/wp-content\/uploads\/2016\/01\/onlinecikk-38x31.jpg 38w, https:\/\/kreativeshobby.hu\/wp-content\/uploads\/2016\/01\/onlinecikk-261x215.jpg 261w, https:\/\/kreativeshobby.hu\/wp-content\/uploads\/2016\/01\/onlinecikk.jpg 727w\" sizes=\"auto, (max-width: 300px) 100vw, 300px\" \/><\/a><figcaption id=\"caption-attachment-4869\" class=\"wp-caption-text\">www.budapester.hu<\/figcaption><\/figure>\n<p style=\"text-align: justify;\">A Budapester Zeitung 2015.jan.15-21-i sz\u00e1m\u00e1ban megjelent cikk eredetije az \u00fajs\u00e1g online fel\u00fclet\u00e9n is megjelent, de a link m\u00e1r nem akt\u00edv.<\/p>\n<p style=\"text-align: justify;\">\u00a0<\/p>\n<p style=\"text-align: justify;\">\u00a0<\/p>\n<p style=\"text-align: justify;\">\u00a0<\/p>\n<p style=\"text-align: justify;\">\u00a0<\/p>\n<p style=\"text-align: justify;\">\u00a0<\/p>\n<p style=\"text-align: justify;\">\u00a0<\/p>\n<figure id=\"attachment_4856\" aria-describedby=\"caption-attachment-4856\" style=\"width: 221px\" class=\"wp-caption alignright\"><a href=\"http:\/\/kreativeshobby.hu\/wp-content\/uploads\/2016\/01\/20160123_140248-e1453583807956.jpg\" rel=\"lightbox[4864]\"><img loading=\"lazy\" decoding=\"async\" class=\"wp-image-4856 size-medium\" src=\"http:\/\/kreativeshobby.hu\/wp-content\/uploads\/2016\/01\/20160123_140248-e1453583807956-221x300.jpg\" alt=\"Budapester Zeitung: H\u00e4keln f\u00fcr die Seele\" width=\"221\" height=\"300\" srcset=\"https:\/\/kreativeshobby.hu\/wp-content\/uploads\/2016\/01\/20160123_140248-e1453583807956-221x300.jpg 221w, https:\/\/kreativeshobby.hu\/wp-content\/uploads\/2016\/01\/20160123_140248-e1453583807956-768x1042.jpg 768w, https:\/\/kreativeshobby.hu\/wp-content\/uploads\/2016\/01\/20160123_140248-e1453583807956-755x1024.jpg 755w, https:\/\/kreativeshobby.hu\/wp-content\/uploads\/2016\/01\/20160123_140248-e1453583807956-109x148.jpg 109w, https:\/\/kreativeshobby.hu\/wp-content\/uploads\/2016\/01\/20160123_140248-e1453583807956-23x31.jpg 23w, https:\/\/kreativeshobby.hu\/wp-content\/uploads\/2016\/01\/20160123_140248-e1453583807956-28x38.jpg 28w, https:\/\/kreativeshobby.hu\/wp-content\/uploads\/2016\/01\/20160123_140248-e1453583807956-158x215.jpg 158w, https:\/\/kreativeshobby.hu\/wp-content\/uploads\/2016\/01\/20160123_140248-e1453583807956.jpg 1485w\" sizes=\"auto, (max-width: 221px) 100vw, 221px\" \/><\/a><figcaption id=\"caption-attachment-4856\" class=\"wp-caption-text\">Budapester Zeitung: H\u00e4keln f\u00fcr die Seele<\/figcaption><\/figure>\n<p style=\"text-align: justify;\"><em><span style=\"color: #333399;\"><a style=\"color: #333399;\" href=\"http:\/\/kreativeshobby.hu\/index.php\/2016\/01\/23\/benne-vagyunk-az-ujsagban\/\" target=\"_blank\" rel=\"noopener noreferrer\">A Budapester Zeitung 2016.jan.15-21-i sz\u00e1m\u00e1ban megjelent cikk magyar ford\u00edt\u00e1sa itt tal\u00e1lhat\u00f3.<\/a><\/span><\/em><\/p>\n<!-- Facebook Page Plugin by Medust: http:\/\/medust.com -->\r\n\t\t<div class=\"fb-recommendations-bar\" data-href=\"https:\/\/kreativeshobby.hu\/index.php\/kreativhobby-alkotomuhely\/rolunk-irtak\/\" data-read-time=\"25\" data-side=\"\" data-action=\"like\"><\/div><!-- Begin Yuzo --><div class='yuzo_related_post style-1'  data-version='5.12.80'><!-- without result --><div class='yuzo_clearfixed yuzo__title yuzo__title'><h3>Related Post<\/h3><\/div>\n\t\t\t\t\t\t  <div class=\"relatedthumb \" style=\"width:125px;float:left;overflow:hidden;\">  \n\t\t\t\t\t\t\t  \n\t\t\t\t\t\t\t  <a  href=\"https:\/\/kreativeshobby.hu\/index.php\/2016\/05\/13\/horgolt-bagoly-halozsak-kisbabaknak\/\"  >\n\t\t\t\t\t\t\t\t\t  <div class=\"yuzo-img-wrap \" style=\"width: 125px;height:90px;\">\n\t\t\t\t\t\t\t\t\t\t\n\t\t\t\t\t\t\t\t\t\t<div class=\"yuzo-img\" style=\"background:url('https:\/\/kreativeshobby.hu\/wp-content\/uploads\/2016\/05\/20160513_101055-e1463174273324-150x150.jpg') 50% 50% no-repeat;width: 125px;height:90px;margin-bottom: 5px;background-size: cover; \"><\/div>\n\t\t\t\t\t\t\t\t\t  <\/div>\n\t\t\t\t\t\t\t\t\t  \n\t\t\t\t\t\t\t\t   <span class=\"yuzo__text--title\" style=\"font-size:13px;\">Horgolt bagoly-h\u00e1l\u00f3zs\u00e1k kisbab\u00e1knak 1.<\/span>\n\t\t\t\t\t\t\t  \n\t\t\t\t\t\t\t  \n\t\t\t\t\t\t\t  <\/a>\n\n\t\t\t\t\t\t  <\/div>\n\t\t\t\t\t\t  <div class=\"relatedthumb \" style=\"width:125px;float:left;overflow:hidden;\">  \n\t\t\t\t\t\t\t  \n\t\t\t\t\t\t\t  <a  href=\"https:\/\/kreativeshobby.hu\/index.php\/2015\/12\/02\/nagy-horgolt-angyal-2\/\"  >\n\t\t\t\t\t\t\t\t\t  <div class=\"yuzo-img-wrap \" style=\"width: 125px;height:90px;\">\n\t\t\t\t\t\t\t\t\t\t\n\t\t\t\t\t\t\t\t\t\t<div class=\"yuzo-img\" style=\"background:url('https:\/\/kreativeshobby.hu\/wp-content\/uploads\/2015\/11\/20151202_085030-e1449053634405-150x150.jpg') 50% 50% no-repeat;width: 125px;height:90px;margin-bottom: 5px;background-size: cover; \"><\/div>\n\t\t\t\t\t\t\t\t\t  <\/div>\n\t\t\t\t\t\t\t\t\t  \n\t\t\t\t\t\t\t\t   <span class=\"yuzo__text--title\" style=\"font-size:13px;\">Nagy horgolt angyal 2.<\/span>\n\t\t\t\t\t\t\t  \n\t\t\t\t\t\t\t  \n\t\t\t\t\t\t\t  <\/a>\n\n\t\t\t\t\t\t  <\/div>\n\t\t\t\t\t\t  <div class=\"relatedthumb \" style=\"width:125px;float:left;overflow:hidden;\">  \n\t\t\t\t\t\t\t  \n\t\t\t\t\t\t\t  <a  href=\"https:\/\/kreativeshobby.hu\/index.php\/2021\/12\/06\/horgolt-karacsonyi-ajtodisz-nagyon-maskepp\/\"  >\n\t\t\t\t\t\t\t\t\t  <div class=\"yuzo-img-wrap \" style=\"width: 125px;height:90px;\">\n\t\t\t\t\t\t\t\t\t\t\n\t\t\t\t\t\t\t\t\t\t<div class=\"yuzo-img\" style=\"background:url('https:\/\/kreativeshobby.hu\/wp-content\/uploads\/2021\/12\/wp-cover-4-150x150.jpg') 50% 50% no-repeat;width: 125px;height:90px;margin-bottom: 5px;background-size: cover; \"><\/div>\n\t\t\t\t\t\t\t\t\t  <\/div>\n\t\t\t\t\t\t\t\t\t  \n\t\t\t\t\t\t\t\t   <span class=\"yuzo__text--title\" style=\"font-size:13px;\">Horgolt kar\u00e1csonyi ajt\u00f3d\u00edsz \u2013 nagyon m\u00e1sk\u00e9pp...<\/span>\n\t\t\t\t\t\t\t  \n\t\t\t\t\t\t\t  \n\t\t\t\t\t\t\t  <\/a>\n\n\t\t\t\t\t\t  <\/div>\n\t\t\t\t\t\t  <div class=\"relatedthumb \" style=\"width:125px;float:left;overflow:hidden;\">  \n\t\t\t\t\t\t\t  \n\t\t\t\t\t\t\t  <a  href=\"https:\/\/kreativeshobby.hu\/index.php\/2016\/09\/24\/vilagito-befottesuvegek\/\"  >\n\t\t\t\t\t\t\t\t\t  <div class=\"yuzo-img-wrap \" style=\"width: 125px;height:90px;\">\n\t\t\t\t\t\t\t\t\t\t\n\t\t\t\t\t\t\t\t\t\t<div class=\"yuzo-img\" style=\"background:url('https:\/\/kreativeshobby.hu\/wp-content\/uploads\/2016\/09\/20160924_194258-e1474875249477-150x150.jpg') 50% 50% no-repeat;width: 125px;height:90px;margin-bottom: 5px;background-size: cover; \"><\/div>\n\t\t\t\t\t\t\t\t\t  <\/div>\n\t\t\t\t\t\t\t\t\t  \n\t\t\t\t\t\t\t\t   <span class=\"yuzo__text--title\" style=\"font-size:13px;\">Vil\u00e1g\u00edt\u00f3 bef\u0151ttes\u00fcvegek<\/span>\n\t\t\t\t\t\t\t  \n\t\t\t\t\t\t\t  \n\t\t\t\t\t\t\t  <\/a>\n\n\t\t\t\t\t\t  <\/div>\n<\/div> <style>\n\t\t\t\t\t\t\t\t.yuzo_related_post img{width:120px !important; height:110px !important;}\n\t\t\t\t\t\t\t\t.yuzo_related_post .relatedthumb{line-height:15px;background: !important;color:!important;}\n\t\t\t\t\t\t\t\t.yuzo_related_post .relatedthumb:hover{background:#fcfcf4 !important; -webkit-transition: background 0.2s linear; -moz-transition: background 0.2s linear; -o-transition: background 0.2s linear; transition: background 0.2s linear;;color:!important;}\n\t\t\t\t\t\t\t\t.yuzo_related_post .relatedthumb a{color:!important;}\n\t\t\t\t\t\t\t\t.yuzo_related_post .relatedthumb a:hover{ color:}!important;}\n\t\t\t\t\t\t\t\t.yuzo_related_post .relatedthumb:hover a{ color:!important;}\n\t\t\t\t\t\t\t\t.yuzo_related_post .yuzo_text {color:!important;}\n\t\t\t\t\t\t\t\t.yuzo_related_post .relatedthumb:hover .yuzo_text {color:!important;}\n\t\t\t\t\t\t\t\t.yuzo_related_post .relatedthumb{  margin: 0px  0px  0px  0px;   padding: 5px  5px  5px  5px;  }\n\t\t\t\t\t\t\t\t\n\t\t\t\t\t\t\t\t<\/style> <script>\n\t\t\t\t\t\t  jQuery(document).ready(function( $ ){\n\t\t\t\t\t\t\t\/\/jQuery('.yuzo_related_post').equalizer({ overflow : 'relatedthumb' });\n\t\t\t\t\t\t\tjQuery('.yuzo_related_post .yuzo_wraps').equalizer({ columns : '> div' });\n\t\t\t\t\t\t   })\n\t\t\t\t\t\t  <\/script> <!-- End Yuzo :) -->","protected":false},"excerpt":{"rendered":"<p>A Budapester Zeitung 2015.jan.15-21-i sz\u00e1m\u00e1ban megjelent cikk eredetije az \u00fajs\u00e1g online fel\u00fclet\u00e9n is megjelent, de a link m\u00e1r nem akt\u00edv. \u00a0 \u00a0 \u00a0 \u00a0 \u00a0&#8230;<\/p>\n<p><a class='more-link' href='https:\/\/kreativeshobby.hu\/index.php\/kreativhobby-alkotomuhely\/rolunk-irtak\/'>Olvass tov\u00e1bb<span class='screen-reader-text'>R\u00f3lunk \u00edrt\u00e1k<\/span><\/a><\/p>","protected":false},"author":4,"featured_media":0,"parent":2402,"menu_order":2,"comment_status":"closed","ping_status":"closed","template":"","meta":{"_mi_skip_tracking":false,"_exactmetrics_sitenote_active":false,"_exactmetrics_sitenote_note":"","_exactmetrics_sitenote_category":0,"footnotes":""},"class_list":["post-4864","page","type-page","status-publish","hentry","entry"],"yoast_head":"<!-- This site is optimized with the Yoast SEO plugin v21.2 - https:\/\/yoast.com\/wordpress\/plugins\/seo\/ -->\n<title>R\u00f3lunk \u00edrt\u00e1k - Kreat\u00edv+Hobby Alkot\u00f3m\u0171hely<\/title>\n<meta name=\"description\" content=\"A Budapester Zeitung 2015.jan.15-21.-i sz\u00e1m\u00e1ban megjelent cikk eredetije az \u00fajs\u00e1g online fel\u00fclet\u00e9n is megjelent \u00e9s erre a linkre kattintva tal\u00e1lhat\u00f3 meg. A\" \/>\n<meta name=\"robots\" content=\"index, follow, max-snippet:-1, max-image-preview:large, max-video-preview:-1\" \/>\n<link rel=\"canonical\" href=\"https:\/\/kreativeshobby.hu\/index.php\/kreativhobby-alkotomuhely\/rolunk-irtak\/\" \/>\n<meta property=\"og:locale\" content=\"hu_HU\" \/>\n<meta property=\"og:type\" content=\"article\" \/>\n<meta property=\"og:title\" content=\"R\u00f3lunk \u00edrt\u00e1k - Kreat\u00edv+Hobby Alkot\u00f3m\u0171hely\" \/>\n<meta property=\"og:description\" content=\"A Budapester Zeitung 2015.jan.15-21.-i sz\u00e1m\u00e1ban megjelent cikk eredetije az \u00fajs\u00e1g online fel\u00fclet\u00e9n is megjelent \u00e9s erre a linkre kattintva tal\u00e1lhat\u00f3 meg. A\" \/>\n<meta property=\"og:url\" content=\"https:\/\/kreativeshobby.hu\/index.php\/kreativhobby-alkotomuhely\/rolunk-irtak\/\" \/>\n<meta property=\"og:site_name\" content=\"Kreat\u00edv+Hobby Alkot\u00f3m\u0171hely\" \/>\n<meta property=\"article:modified_time\" content=\"2017-06-04T13:59:54+00:00\" \/>\n<meta property=\"og:image\" content=\"http:\/\/kreativeshobby.hu\/wp-content\/uploads\/2016\/01\/onlinecikk-300x247.jpg\" \/>\n<meta name=\"twitter:card\" content=\"summary_large_image\" \/>\n<script type=\"application\/ld+json\" class=\"yoast-schema-graph\">{\"@context\":\"https:\/\/schema.org\",\"@graph\":[{\"@type\":\"WebPage\",\"@id\":\"https:\/\/kreativeshobby.hu\/index.php\/kreativhobby-alkotomuhely\/rolunk-irtak\/\",\"url\":\"https:\/\/kreativeshobby.hu\/index.php\/kreativhobby-alkotomuhely\/rolunk-irtak\/\",\"name\":\"R\u00f3lunk \u00edrt\u00e1k - Kreat\u00edv+Hobby Alkot\u00f3m\u0171hely\",\"isPartOf\":{\"@id\":\"https:\/\/kreativeshobby.hu\/#website\"},\"datePublished\":\"2016-01-23T23:23:28+00:00\",\"dateModified\":\"2017-06-04T13:59:54+00:00\",\"description\":\"A Budapester Zeitung 2015.jan.15-21.-i sz\u00e1m\u00e1ban megjelent cikk eredetije az \u00fajs\u00e1g online fel\u00fclet\u00e9n is megjelent \u00e9s erre a linkre kattintva tal\u00e1lhat\u00f3 meg. A\",\"breadcrumb\":{\"@id\":\"https:\/\/kreativeshobby.hu\/index.php\/kreativhobby-alkotomuhely\/rolunk-irtak\/#breadcrumb\"},\"inLanguage\":\"hu\",\"potentialAction\":[{\"@type\":\"ReadAction\",\"target\":[\"https:\/\/kreativeshobby.hu\/index.php\/kreativhobby-alkotomuhely\/rolunk-irtak\/\"]}]},{\"@type\":\"BreadcrumbList\",\"@id\":\"https:\/\/kreativeshobby.hu\/index.php\/kreativhobby-alkotomuhely\/rolunk-irtak\/#breadcrumb\",\"itemListElement\":[{\"@type\":\"ListItem\",\"position\":1,\"name\":\"Kezd\u0151lap\",\"item\":\"https:\/\/kreativeshobby.hu\/\"},{\"@type\":\"ListItem\",\"position\":2,\"name\":\"Kreat\u00edv+Hobby Alkot\u00f3m\u0171hely\",\"item\":\"https:\/\/kreativeshobby.hu\/index.php\/kreativhobby-alkotomuhely\/\"},{\"@type\":\"ListItem\",\"position\":3,\"name\":\"R\u00f3lunk \u00edrt\u00e1k\"}]},{\"@type\":\"WebSite\",\"@id\":\"https:\/\/kreativeshobby.hu\/#website\",\"url\":\"https:\/\/kreativeshobby.hu\/\",\"name\":\"Kreat\u00edv+Hobby Alkot\u00f3m\u0171hely\",\"description\":\"Ingyenes horgol\u00e1s mint\u00e1k     |     kreat\u00edv hobby-technik\u00e1k     |     j\u00f3l bev\u00e1lt s\u00fcti receptek\",\"potentialAction\":[{\"@type\":\"SearchAction\",\"target\":{\"@type\":\"EntryPoint\",\"urlTemplate\":\"https:\/\/kreativeshobby.hu\/?s={search_term_string}\"},\"query-input\":\"required name=search_term_string\"}],\"inLanguage\":\"hu\"}]}<\/script>\n<!-- \/ Yoast SEO plugin. -->","yoast_head_json":{"title":"R\u00f3lunk \u00edrt\u00e1k - Kreat\u00edv+Hobby Alkot\u00f3m\u0171hely","description":"A Budapester Zeitung 2015.jan.15-21.-i sz\u00e1m\u00e1ban megjelent cikk eredetije az \u00fajs\u00e1g online fel\u00fclet\u00e9n is megjelent \u00e9s erre a linkre kattintva tal\u00e1lhat\u00f3 meg. A","robots":{"index":"index","follow":"follow","max-snippet":"max-snippet:-1","max-image-preview":"max-image-preview:large","max-video-preview":"max-video-preview:-1"},"canonical":"https:\/\/kreativeshobby.hu\/index.php\/kreativhobby-alkotomuhely\/rolunk-irtak\/","og_locale":"hu_HU","og_type":"article","og_title":"R\u00f3lunk \u00edrt\u00e1k - Kreat\u00edv+Hobby Alkot\u00f3m\u0171hely","og_description":"A Budapester Zeitung 2015.jan.15-21.-i sz\u00e1m\u00e1ban megjelent cikk eredetije az \u00fajs\u00e1g online fel\u00fclet\u00e9n is megjelent \u00e9s erre a linkre kattintva tal\u00e1lhat\u00f3 meg. A","og_url":"https:\/\/kreativeshobby.hu\/index.php\/kreativhobby-alkotomuhely\/rolunk-irtak\/","og_site_name":"Kreat\u00edv+Hobby Alkot\u00f3m\u0171hely","article_modified_time":"2017-06-04T13:59:54+00:00","og_image":[{"url":"http:\/\/kreativeshobby.hu\/wp-content\/uploads\/2016\/01\/onlinecikk-300x247.jpg"}],"twitter_card":"summary_large_image","schema":{"@context":"https:\/\/schema.org","@graph":[{"@type":"WebPage","@id":"https:\/\/kreativeshobby.hu\/index.php\/kreativhobby-alkotomuhely\/rolunk-irtak\/","url":"https:\/\/kreativeshobby.hu\/index.php\/kreativhobby-alkotomuhely\/rolunk-irtak\/","name":"R\u00f3lunk \u00edrt\u00e1k - Kreat\u00edv+Hobby Alkot\u00f3m\u0171hely","isPartOf":{"@id":"https:\/\/kreativeshobby.hu\/#website"},"datePublished":"2016-01-23T23:23:28+00:00","dateModified":"2017-06-04T13:59:54+00:00","description":"A Budapester Zeitung 2015.jan.15-21.-i sz\u00e1m\u00e1ban megjelent cikk eredetije az \u00fajs\u00e1g online fel\u00fclet\u00e9n is megjelent \u00e9s erre a linkre kattintva tal\u00e1lhat\u00f3 meg. A","breadcrumb":{"@id":"https:\/\/kreativeshobby.hu\/index.php\/kreativhobby-alkotomuhely\/rolunk-irtak\/#breadcrumb"},"inLanguage":"hu","potentialAction":[{"@type":"ReadAction","target":["https:\/\/kreativeshobby.hu\/index.php\/kreativhobby-alkotomuhely\/rolunk-irtak\/"]}]},{"@type":"BreadcrumbList","@id":"https:\/\/kreativeshobby.hu\/index.php\/kreativhobby-alkotomuhely\/rolunk-irtak\/#breadcrumb","itemListElement":[{"@type":"ListItem","position":1,"name":"Kezd\u0151lap","item":"https:\/\/kreativeshobby.hu\/"},{"@type":"ListItem","position":2,"name":"Kreat\u00edv+Hobby Alkot\u00f3m\u0171hely","item":"https:\/\/kreativeshobby.hu\/index.php\/kreativhobby-alkotomuhely\/"},{"@type":"ListItem","position":3,"name":"R\u00f3lunk \u00edrt\u00e1k"}]},{"@type":"WebSite","@id":"https:\/\/kreativeshobby.hu\/#website","url":"https:\/\/kreativeshobby.hu\/","name":"Kreat\u00edv+Hobby Alkot\u00f3m\u0171hely","description":"Ingyenes horgol\u00e1s mint\u00e1k     |     kreat\u00edv hobby-technik\u00e1k     |     j\u00f3l bev\u00e1lt s\u00fcti receptek","potentialAction":[{"@type":"SearchAction","target":{"@type":"EntryPoint","urlTemplate":"https:\/\/kreativeshobby.hu\/?s={search_term_string}"},"query-input":"required name=search_term_string"}],"inLanguage":"hu"}]}},"_links":{"self":[{"href":"https:\/\/kreativeshobby.hu\/index.php\/wp-json\/wp\/v2\/pages\/4864","targetHints":{"allow":["GET"]}}],"collection":[{"href":"https:\/\/kreativeshobby.hu\/index.php\/wp-json\/wp\/v2\/pages"}],"about":[{"href":"https:\/\/kreativeshobby.hu\/index.php\/wp-json\/wp\/v2\/types\/page"}],"author":[{"embeddable":true,"href":"https:\/\/kreativeshobby.hu\/index.php\/wp-json\/wp\/v2\/users\/4"}],"replies":[{"embeddable":true,"href":"https:\/\/kreativeshobby.hu\/index.php\/wp-json\/wp\/v2\/comments?post=4864"}],"version-history":[{"count":4,"href":"https:\/\/kreativeshobby.hu\/index.php\/wp-json\/wp\/v2\/pages\/4864\/revisions"}],"predecessor-version":[{"id":4868,"href":"https:\/\/kreativeshobby.hu\/index.php\/wp-json\/wp\/v2\/pages\/4864\/revisions\/4868"}],"up":[{"embeddable":true,"href":"https:\/\/kreativeshobby.hu\/index.php\/wp-json\/wp\/v2\/pages\/2402"}],"wp:attachment":[{"href":"https:\/\/kreativeshobby.hu\/index.php\/wp-json\/wp\/v2\/media?parent=4864"}],"curies":[{"name":"wp","href":"https:\/\/api.w.org\/{rel}","templated":true}]}}